{"id":97,"date":"2025-05-06T11:16:24","date_gmt":"2025-05-06T09:16:24","guid":{"rendered":"https:\/\/cybertemplar.fr\/?page_id=97"},"modified":"2025-05-06T11:16:24","modified_gmt":"2025-05-06T09:16:24","slug":"taux-dattaques-eleve","status":"publish","type":"page","link":"https:\/\/cybertemplar.fr\/?page_id=97","title":{"rendered":"Taux d&#8217;attaques \u00e9lev\u00e9"},"content":{"rendered":"\n<h2 class=\"wp-block-heading\">Comment se fait t-il qu&#8217;aujourd&#8217;hui on est autant d&#8217;attaques ? Et pourquoi ceci augmente chaque ann\u00e9e ?<\/h2>\n\n\n\n<p>La premi\u00e8re r\u00e9ponse \u00e0 cela, c&#8217;est que malheureusement, <mark style=\"background-color:rgba(0, 0, 0, 0)\" class=\"has-inline-color has-primary-color\">il devient de plus en plus facile de cr\u00e9er des attaques<\/mark>. Des attaques simples certes, mais assez cons\u00e9quentes pour toucher une bonne partie des utilisateurs. <mark style=\"background-color:rgba(0, 0, 0, 0)\" class=\"has-inline-color has-cyan-color\">La cyber criminalit\u00e9 devient de plus en plus populaire et de plus en plus facile \u00e0 atteindre<\/mark>.<\/p>\n\n\n\n<p>D&#8217;autant plus que l&#8217;IA n&#8217;aide pas dans tout cela : nous avons aujourd&#8217;hui <mark style=\"background-color:rgba(0, 0, 0, 0)\" class=\"has-inline-color has-cyan-color\">des IA malveillantes<\/mark>, cr\u00e9ant des virus, des mails d&#8217;hame\u00e7onnage, attaquant des sites ou des personnes directement.  Elle peut en plus g\u00e9n\u00e9rer des images, des vid\u00e9os et des voix pour se faire passer pour quelqu&#8217;un d&#8217;autre avec <mark style=\"background-color:rgba(0, 0, 0, 0)\" class=\"has-inline-color has-primary-color\">des logiciels open source libre \u00e0 tous<\/mark>.<\/p>\n\n\n\n<p>Bien que nous ayons une recrudescence des attaques venant d&#8217;amateurs et d&#8217;IA, nous avons une nette<mark style=\"background-color:rgba(0, 0, 0, 0)\" class=\"has-inline-color has-primary-color\"> augmentation d&#8217;attaques cibl\u00e9es et \u00e9labor\u00e9es<\/mark>, m\u00eame organis\u00e9es en groupe, venant de professionnels. Les cybercriminels se forment rapidement et se forment aussi entre eux, partageant leurs infos, connaissances, failles critiques, etc. <\/p>\n\n\n\n<p>Et au fil des ann\u00e9es, la cybercriminalit\u00e9 s&#8217;est d\u00e9velopp\u00e9e avec la technologie : les appareils connect\u00e9s, le paiement sans contact, les maisons intelligentes.  Au fur et \u00e0 mesure qu&#8217;on d\u00e9veloppe de nouvelles technologies, <mark style=\"background-color:rgba(0, 0, 0, 0)\" class=\"has-inline-color has-cyan-color\">de nouvelles failles et des opportunistes malveillants<\/mark> se cr\u00e9eront. Nous faisons constamment la course entre la cybermenace et la cybers\u00e9curit\u00e9 et <mark style=\"background-color:rgba(0, 0, 0, 0)\" class=\"has-inline-color has-primary-color\">aujourd&#8217;hui nous sommes derri\u00e8re<\/mark>.<\/p>\n\n\n\n<p><\/p>\n","protected":false},"excerpt":{"rendered":"<p>Comment se fait t-il qu&#8217;aujourd&#8217;hui on est autant d&#8217;attaques ? Et pourquoi ceci augmente chaque [&hellip;]<\/p>\n","protected":false},"author":1,"featured_media":0,"parent":0,"menu_order":0,"comment_status":"closed","ping_status":"closed","template":"","meta":{"footnotes":""},"class_list":["post-97","page","type-page","status-publish","hentry"],"_links":{"self":[{"href":"https:\/\/cybertemplar.fr\/index.php?rest_route=\/wp\/v2\/pages\/97","targetHints":{"allow":["GET"]}}],"collection":[{"href":"https:\/\/cybertemplar.fr\/index.php?rest_route=\/wp\/v2\/pages"}],"about":[{"href":"https:\/\/cybertemplar.fr\/index.php?rest_route=\/wp\/v2\/types\/page"}],"author":[{"embeddable":true,"href":"https:\/\/cybertemplar.fr\/index.php?rest_route=\/wp\/v2\/users\/1"}],"replies":[{"embeddable":true,"href":"https:\/\/cybertemplar.fr\/index.php?rest_route=%2Fwp%2Fv2%2Fcomments&post=97"}],"version-history":[{"count":3,"href":"https:\/\/cybertemplar.fr\/index.php?rest_route=\/wp\/v2\/pages\/97\/revisions"}],"predecessor-version":[{"id":105,"href":"https:\/\/cybertemplar.fr\/index.php?rest_route=\/wp\/v2\/pages\/97\/revisions\/105"}],"wp:attachment":[{"href":"https:\/\/cybertemplar.fr\/index.php?rest_route=%2Fwp%2Fv2%2Fmedia&parent=97"}],"curies":[{"name":"wp","href":"https:\/\/api.w.org\/{rel}","templated":true}]}}

Taux d&#8217;attaques élevé

<h2 class="wp-block-heading">Comment se fait t-il qu&#8217;aujourd&#8217;hui on est autant d&#8217;attaques ? Et pourquoi ceci augmente chaque année ?</h2>



<p>La première réponse à cela, c&#8217;est que malheureusement, <mark style="background-color:rgba(0, 0, 0, 0)" class="has-inline-color has-primary-color">il devient de plus en plus facile de créer des attaques</mark>. Des attaques simples certes, mais assez conséquentes pour toucher une bonne partie des utilisateurs. <mark style="background-color:rgba(0, 0, 0, 0)" class="has-inline-color has-cyan-color">La cyber criminalité devient de plus en plus populaire et de plus en plus facile à atteindre</mark>.</p>



<p>D&#8217;autant plus que l&#8217;IA n&#8217;aide pas dans tout cela : nous avons aujourd&#8217;hui <mark style="background-color:rgba(0, 0, 0, 0)" class="has-inline-color has-cyan-color">des IA malveillantes</mark>, créant des virus, des mails d&#8217;hameçonnage, attaquant des sites ou des personnes directement.  Elle peut en plus générer des images, des vidéos et des voix pour se faire passer pour quelqu&#8217;un d&#8217;autre avec <mark style="background-color:rgba(0, 0, 0, 0)" class="has-inline-color has-primary-color">des logiciels open source libre à tous</mark>.</p>



<p>Bien que nous ayons une recrudescence des attaques venant d&#8217;amateurs et d&#8217;IA, nous avons une nette<mark style="background-color:rgba(0, 0, 0, 0)" class="has-inline-color has-primary-color"> augmentation d&#8217;attaques ciblées et élaborées</mark>, même organisées en groupe, venant de professionnels. Les cybercriminels se forment rapidement et se forment aussi entre eux, partageant leurs infos, connaissances, failles critiques, etc. </p>



<p>Et au fil des années, la cybercriminalité s&#8217;est développée avec la technologie : les appareils connectés, le paiement sans contact, les maisons intelligentes.  Au fur et à mesure qu&#8217;on développe de nouvelles technologies, <mark style="background-color:rgba(0, 0, 0, 0)" class="has-inline-color has-cyan-color">de nouvelles failles et des opportunistes malveillants</mark> se créeront. Nous faisons constamment la course entre la cybermenace et la cybersécurité et <mark style="background-color:rgba(0, 0, 0, 0)" class="has-inline-color has-primary-color">aujourd&#8217;hui nous sommes derrière</mark>.</p>



<p></p>
